 - 25. Let o = -27 - -32. Suppose 0 = -5*d - 2*n + 95, -3*n + o*n = 5*d - 115. What is the remainder when d is divided by a?
5
Suppose 25*a + 94 = 344. Calculate the remainder when ((-12)/30)/((-1)/120) is divided by a.
8
Let a be (-2)/(-9) + (-173)/9 + 0. Let t = a + 26. What is the remainder when 25 is divided by t?
4
Suppose 4*t + 46 = 2*s, 20 + 95 = 5*s - 4*t. Suppose -5*a - 10 = 0, -a = -l + 7 + 3. Calculate the remainder when s is divided by l.
7
Let r be (-16)/72 - (-824)/(-18). Let o = r + 55. What is the remainder when 35 is divided by o?
8
Let j be (10/(-5) - -4) + -51 + -1. Let p = j - -104. What is the remainder when p is divided by 12?
6
Let s be (5/(-2))/5*-86. Suppose 0 = g - 0*g + s. Let r = -29 - g. What is the remainder when 39 is divided by r?
11
Calculate the remainder when 184 is divided by (594/22)/(6/3 - 1).
22
Suppose 5*o - 108 = 6*t - 7*t, 4*t = -3*o + 75. What is the remainder when 104 is divided by o?
20
Suppose -2*d - 3*r = 4, 4*d + r - 10 = 4*r. Let m = d + 10. Let n = m - 1. What is the remainder when 19 is divided by n?
9
Let c = 0 + 1. Suppose 3 - c = 2*k. Calculate the remainder when 1*(k - 4) + 16 is divided by 5.
3
Let q = -33 + 26. Let k = 10 + q. Suppose -k*u = -1 - 29. Calculate the remainder when u is divided by 4.
2
Let i(l) = -l**2 + 8*l - 20. Let b be i(14). Let g = 148 + b. What is the remainder when g is divided by 16?
12
Suppose -3151*y + 3157*y - 420 = 0. Calculate the remainder when y is divided by 51.
19
Let p(r) = r**2 - 2*r + 1. Let z be p(2). Suppose 5*c = c - 12, 0 = 2*d + c - 69. What is the remainder when d is divided by 1 - z/(1/(-18))?
17
Let y = 16 - 12. Suppose o + y*k - 28 = 0, -2*o = -0*o - 2*k - 66. What is the remainder when 61 is divided by o?
29
Let l(m) = -m**2 - 18*m - 18. Let h be l(-15). Let t = 104 - h. What is the remainder when t is divided by 39?
38
Let j = 1570 - 1556. Let r = 17 + 3. Suppose k - 4*k = 4*p - 139, 0 = -5*p + r. Calculate the remainder when k is divided by j.
13
Let v(f) = 6*f**2 + 35*f. Let h be v(-7). Suppose 1 + h = 2*j. What is the remainder when j is divided by 14?
11
Let a be 1467/(-3)*2/(-6)*-1. Let t = -98 - a. Let q(d) = -d**2 + 9*d - 1. What is the remainder when t is divided by q(6)?
14
What is the remainder when (-20)/(-120) + 1907/6 + -2 is divided by 53?
51
Suppose -3*d = -o + 2, 0*d + 3*d - 26 = -o. Suppose -3*h - 60 = 54. Let l = 15 - h. Calculate the remainder when l is divided by o.
11
Suppose -4*p - 100 + 739 = -s, 0 = 2*p + s - 315. Calculate the remainder when p is divided by (-2)/(1 + 1)*-23.
21
Suppose 2*o - 8 = 0, -54*r + 50*r - 2*o + 188 = 0. Calculate the remainder when 73 is divided by r.
28
Let s be 338/10*(-2 + 7). Calculate the remainder when 62 is divided by 3523/s - 2/(-13).
20
Let f = -34 - -227. What is the remainder when f is divided by 95?
3
Suppose -3*b + 2*w = -21, 5*b - 41 + 6 = -3*w. What is the remainder when 46 is divided by b?
4
Suppose 818 - 51 = 13*t. What is the remainder when t is divided by 17?
8
Let c = 5 + -2. Suppose c*x = -2*x. Suppose 5*b + 42 - 122 = x. What is the remainder when 30 is divided by b?
14
Let m = -7 - -3. Let n be (-17)/(-4) + 1/m. Suppose -5*k = n*l - 61, 5*l - 2*k - 29 = 39. What is the remainder when 39 is divided by l?
11
Suppose 0 = 3*w - 2*s - 692 + 218, 4*s = 12. Calculate the remainder when w is divided by (-9 - -8)/((-1)/23).
22
Suppose -74 = -2*r + 34. Let a = -27 + r. What is the remainder when a is divided by 10?
7
Let y = 45 - 17. Let v = -23 + y. Suppose -d + 75 = 4*m, v*m = -d + 2*d - 48. What is the remainder when d is divided by 13?
11
Let t(f) = -f**2 - 11*f - 10. Let h be t(-10). Suppose 5*k + 286 - 896 = h. Let i = k - 69. Calculate the remainder when i is divided by 18.
17
Let v(o) = -2*o - 4. Calculate the remainder when 62 is divided by v(-17).
2
Let f = 1390 - 1328. What is the remainder when 424 is divided by f?
52
Suppose 33 = 4*s - 47. Let f = 5 + 45. Suppose -s + f = 5*h. What is the remainder when 17 is divided by h?
5
Let m = 419 + -391. What is the remainder when (243/12)/((-2)/(-8)) is divided by m?
25
Suppose -1 - 14 = -5*s. Let z(h) = 9*h**2 - h - 7. Calculate the remainder when z(s) is divided by 19.
14
Let c(s) = s**2 + 11*s - 5. Suppose 5*u - o = -75, 8*u = 3*u - 5*o - 45. Calculate the remainder when c(u) is divided by 14.
9
Calculate the remainder when (-591)/(4 + 40/(-8)) is divided by 54.
51
Let i(h) = 73*h + 3. Suppose 41 = 2*y - 11. Calculate the remainder when i(1) is divided by y.
24
Let a(r) = 11*r - 3. Let l be (-3)/((-12)/64*2). Let k = 11 + l. Calculate the remainder when a(7) is divided by k.
17
Let h(a) = -23*a**2 + 2*a + 1. Let j be h(2). Let o = j - -165. Suppose -22*x + 440 = -0*x. Calculate the remainder when o is divided by x.
18
Suppose -o = -6 - 5. Suppose 287 = 18*m - o*m. Suppose 0*n + 14 = n. What is the remainder when m is divided by n?
13
Let f(k) = 51*k + 5. Let t be 4 + (1 - 1) + -4. Suppose -8*a + 3*a + 135 = t. What is the remainder when f(2) is divided by a?
26
Let s(u) = 0*u**2 + 5*u**2 + 6*u - 4*u**2 - 15. What is the remainder when 19 is divided by s(-9)?
7
Suppose -9*w - 3*x + 5 = -10*w, 3*w + 2*x + 4 = 0. Calculate the remainder when ((-12)/36)/(w*(-3)/(-144)) is divided by 2.
0
Suppose 118*q = 123*q - 180. What is the remainder when 50 is divided by q?
14
Let y = 488 + -263. Suppose -y = -k - 4*k. What is the remainder when k is divided by 12?
9
Suppose 3*p - 6 = -0*p. Suppose -3*w - 5*o - 13 = 0, w + o - 1 = -p. What is the remainder when 204/48*4 + -6 is divided by w?
3
What is the remainder when 130 is divided by 5 + 13 + -7 + 44?
20
Let m(v) = v - 2. Let q be m(5). Suppose 10*k - 72 + 42 = 0. Suppose k*r + 32 = 2*o - r, -q*r = 0. Calculate the remainder when 62 is divided by o.
14
Let f be (12/(-18))/(47/(-15) + 3). What is the remainder when 411/f - ((-30)/(-25))/6 is divided by 43?
39
Calculate the remainder when 215 is divided by (-6)/(-9)*558/12.
29
Let t(c) = -2*c - 18. Let o be t(-11). Suppose 0 = x + o*x - 115. What is the remainder when x is divided by 9?
5
Let d = 7 - 5. Suppose 0 = d*v - 162. Suppose -r = 3*r - 56. Calculate the remainder when v is divided by r.
11
Let i(h) = 4*h**2. Calculate the remainder when 19 is divided by i(-2).
3
Suppose 0 = -0*v + 3*v - 288. Let t = 31 + -14. Calculate the remainder when (v - -2)*(-12)/(-24) is divided by t.
15
Let n(g) = -5*g - 131. Calculate the remainder when 459 is divided by n(-29).
11
Let r(c) = -c**2 - 46*c - 375. Calculate the remainder when r(-30) is divided by 17.
3
Let f(p) = p**2 + 18*p + 39. Suppose -4*n + 5*u = -n - 88, 0 = 5*n - 4*u - 138. What is the remainder when n is divided by f(-16)?
5
Let u = -28 + 28. Suppose 4*r + 2*l - 30 = -u*r, -2*r + l = -5. Suppose -r + 14 = o. What is the remainder when 25 is divided by o?
7
Let n(a) = -a**3 - 6*a**2 - 7*a - 6. Let v be n(-5). Suppose 22 = g + 3*x, 0 = -v*x + x + 9. Calculate the remainder when g is divided by 5.
3
Let b be ((-75)/(-9) - 1)*36/24. Suppose b*z - 253 = -0*z. What is the remainder when z is divided by 9?
5
Suppose -9*d - 259 = -862. Calculate the remainder when d is divided by 10.
7
Let h(o) = -o**3 - 10*o**2 - 12*o + 8. Calculate the remainder when h(-9) is divided by ((-18)/5)/((-7)/35).
17
Let b(o) = -o - 7. Let g be b(0). Let n = -20 - -31. Let d = g + n. What is the remainder when 7 is divided by d?
3
Let p = 21 - 16. Suppose -4*j - 7 = -6*j - k, -3*k - 1 = -p*j. Calculate the remainder when 2 is divided by j.
0
Suppose 6 = -3*v - 21. Let l(i) = -i**3 + 37. What is the remainder when l(0) is divided by 17 + v/(27/(-6))?
18
Let l(n) = 78*n - 59. What is the remainder when l(2) is divided by 23?
5
Suppose -5*z + 0*z - 5*n = -50, -z = 5*n - 22. Suppose -5*u - y = -0 - 29, -z = -2*u - 5*y. What is the remainder when (32/(-5))/(u/(-45)) is divided by 17?
14
Let p(c) = -17*c + 1 - 2 + 6 - 3. What is the remainder when p(-4) is divided by 24?
22
Let p = 699 + -694. Let s(w) = -w**3 + 5*w**2 + w + 1. Calculate the remainder when s(5) is divided by p.
1
Calculate the remainder when 4/(-4) - (2 - 108/2) is divided by 11.
7
Let l(p) = 54*p + 66. Calculate the remainder when l(2) is divided by 36.
30
Suppose -34 = -4*u + 2*a, u - 13 + 4 = a. Suppose 0 = 3*l + y - 64, -6*l + 4*l - 2*y = -